 k(11).
13
Let y(m) = -25*m + 12. Give y(5).
-113
Let p(t) = -t**3 + 15*t**2 - 8*t + 18. Determine p(14).
102
Let x(v) = -v**3 + 10*v**2 + v - 6. Give x(10).
4
Let l(i) = -3*i**2 + 26*i - 29. Calculate l(9).
-38
Let n(o) = o**2 + 4*o - 3. Give n(-3).
-6
Let n(g) = -g + 12. Determine n(-5).
17
Let b(t) = -t**3 - 12*t**2 - 4*t - 18. Give b(-12).
30
Let f(x) = -3*x - 36. Give f(-9).
-9
Let l(g) = g**2 + 16*g - 2. Calculate l(-9).
-65
Let b(n) = -n**3 + n**2 + n + 8. Give b(0).
8
Let a(m) = 3*m - 47. Determine a(16).
1
Let z(w) = -2*w - 3. Calculate z(5).
-13
Let s(v) = v**2 - 5*v + 13. Give s(4).
9
Let s(o) = -o**3 + 5*o**2 - 6*o + 1. Determine s(5).
-29
Let w(x) = x**2 + 15*x + 1. Give w(-16).
17
Let n(p) = -p**2 + 5*p + 13. What is n(8)?
-11
Let i(n) = -n - 6. Give i(6).
-12
Let a(v) = v**3 - 12*v**2 + 16*v + 12. Determine a(11).
67
Let d(k) = k**3 - 7*k**2 - 4*k - 1. Calculate d(9).
125
Let s(w) = w**3 - 4*w**2 - 5*w + 3. Give s(4).
-17
Let o(u) = -u**2 - 12*u - 9. What is o(-7)?
26
Let h(c) = 2*c**3 + 29*c**2 + 14*c + 8. Give h(-14).
8
Let r(i) = -i**2 + 127*i + 802. Give r(-6).
4
Let n(g) = g**3 + 4*g**2 + 4*g - 2. Give n(-4).
-18
Let v(a) = -a + 6. What is v(0)?
6
Let o(v) = -v**3 + 3*v**2 + 22*v - 60. Determine o(5).
0
Let k(y) = y**3 + 7*y**2 - 8*y + 11. What is k(-8)?
11
Let s(x) = 5*x + 7. Calculate s(-2).
-3
Let f(h) = -h**3 - 18*h**2 - 29*h + 40. Determine f(-16).
-8
Let l(z) = -z**2 - 10*z - 4. What is l(-8)?
12
Let h(p) = -p**3 - 33*p**2 + 1. Determine h(-33).
1
Let p(j) = 10*j - 8. Determine p(1).
2
Let q(c) = c. Give q(14).
14
Let r(o) = o + 8. Determine r(-6).
2
Let b(j) = j**2 - 5*j + 101. Determine b(0).
101
Let w(r) = -12*r + 37. Determine w(5).
-23
Let w(f) = -6*f + 11. What is w(2)?
-1
Let f(q) = -q**2 + q + 3. Give f(-2).
-3
Let p(z) = 6*z**2 - 3*z - 5. Calculate p(4).
79
Let g(b) = b - 24. What is g(34)?
10
Let v(s) = -s - 27. Calculate v(0).
-27
Let p(g) = -g**2 + 14*g - 25. Give p(8).
23
Let r(j) = -7*j + 3. Calculate r(-4).
31
Let j(m) = -3*m + 26. Determine j(0).
26
Let v(i) = -i**2 + 17*i + 134. Determine v(-6).
-4
Let f(x) = -x**3 + 40*x**2 - 299*x - 6. What is f(10)?
4
Let b(z) = z**3 - 4*z**2 - 5*z + 1. Give b(4).
-19
Let q(a) = -a**3 - 8*a**2 - a + 7. Give q(-8).
15
Let c(h) = -9*h + 159. Give c(20).
-21
Let b(k) = 2*k**3 - 43*k**2 + 59*k + 14. What is b(20)?
-6
Let u(t) = t**2 - 8*t + 5. What is u(9)?
14
Let g(j) = 42*j - 285. Calculate g(7).
9
Let r(m) = m**2 + 4*m - 4. What is r(-4)?
-4
Let r(b) = b**2 + 7*b + 9. Determine r(-6).
3
Let c(k) = k**3 + 5*k**2 - 10*k - 6. Give c(-7).
-34
Let g(t) = -3*t - 6. Determine g(-5).
9
Let k(i) = 12*i**2 + 3*i + 2. Determine k(-3).
101
Let o(h) = 48*h - 1297. Determine o(27).
-1
Let c(q) = 9*q**3 - 2*q**2 + q + 4. Determine c(2).
70
Let x(f) = -f**3 - 9*f**2 - 10*f + 8. Give x(-8).
24
Let f(k) = 5*k**2 - 5*k + 13. Determine f(2).
23
Let o(c) = -c**3 + 11*c**2 + 7. Give o(11).
7
Let w(p) = p**2 + 14*p - 178. Give w(-22).
-2
Let f(x) = x**2 + 6*x - 7. Calculate f(5).
48
Let g(l) = l. What is g(0)?
0
Let a(x) = -x**2 + 10*x + 8. Calculate a(10).
8
Let s(d) = -d**2 + 17*d + 11. Give s(17).
11
Let x(o) = o**2 - 3*o + 1. Determine x(-4).
29
Let a(k) = -4*k + 37. Determine a(7).
9
Let r(u) = -5*u**3 - 10*u**2 - 11*u - 17. What is r(-2)?
5
Let k(a) = -26*a - 21. Calculate k(-8).
187
Let b(q) = -4*q - 1. Give b(7).
-29
Let z(q) = q**2 + 27*q - 96. Give z(-30).
-6
Let q(o) = 2*o**2 + 57*o + 242. Determine q(-23).
-11
Let h(f) = f**3 - 22*f**2 + f - 16. Determine h(22).
6
Let g(c) = 3*c**2 - 24*c + 18. Calculate g(7).
-3
Let i(q) = -17*q**3 - 3*q - 2. What is i(-1)?
18
Let r(k) = -18*k - 21. What is r(-2)?
15
Let i(a) = a**2 + 11*a + 5. What is i(-10)?
-5
Let h(y) = y**3 + 8*y**2 + 2*y + 10. Give h(-9).
-89
Let q(b) = -b**2 + 18*b - 24. Calculate q(16).
8
Let s(f) = f**3 + 13*f**2 - 16*f - 19. Determine s(-14).
9
Let d(r) = r**2 - 4*r - 37. Give d(0).
-37
Let y(w) = -2*w**2 - 4*w - 1. Give y(3).
-31
Let m(i) = -6*i - 30. Determine m(-7).
12
Let w(c) = -13*c**2 + 4*c - 2. What is w(3)?
-107
Let w(s) = s**2 - 6*s + 18. Determine w(9).
45
Let f(p) = p**2 + 6*p - 4. Determine f(-5).
-9
Let p(g) = -2*g - 2. Calculate p(-2).
2
Let r(u) = -u + 32. What is r(-21)?
53
Let k(f) = f**2 - 10*f + 9. Determine k(8).
-7
Let m(w) = 41*w - 1. Give m(1).
40
Let b(o) = 27*o**2 + o + 1. Determine b(1).
29
Let j(u) = -u**3 - 7*u**2 + 18*u - 5. Determine j(-9).
-5
Let d(n) = n**3 - 3*n**2 - 9*n + 7. Determine d(5).
12
Let m(b) = -24*b + 1. Give m(-2).
49
Let w(l) = -l**3 + 8*l**2 + 11*l + 8. What is w(9)?
26
Let r(d) = d**3 + 27*d**2 + 24*d - 36. Determine r(-26).
16
Let u(w) = 5*w - 98. Give u(21).
7
Let x(b) = b**2 - 12*b + 10. What is x(13)?
23
Let q(o) = o + 18. What is q(-12)?
6
Let p(v) = -3*v**2 - 17*v - 24. Calculate p(-3).
0
Let x(d) = d**3 - 6*d**2 + 4*d - 7. Calculate x(4).
-23
Let c(n) = -n**3 + 15*n**2 - 13*n - 11. Determine c(14).
3
Let a(r) = r**3 - 5*r**2 + 4*r - 1. Calculate a(2).
-5
Let b(d) = -48*d + 182. Calculate b(4).
-10
Let i(s) = -2*s + 24. What is i(11)?
2
Let v(w) = -w**2 + 10*w - 15. What is v(10)?
-15
Let o(l) = 3*l**2 + 28*l - 8. Determine o(-12).
88
Let s(r) = 5*r + 122. Give s(-41).
-83
Let l(k) = k**3 + 5*k**2 - 36*k - 1. Give l(-9).
-1
Let a(u) = u**2 + 15*u + 7. What is a(-15)?
7
Let k(d) = d**2 - 7*d - 8. What is k(7)?
-8
Let v(l) = 3*l**2 - 2*l - 2. Give v(-2).
14
Let g(z) = -z**2 + 10*z - 34. Calculate g(4).
-10
Let i(s) = -2*s**2 - 6*s + 20. Give i(-5).
0
Let t(h) = -44*h + 3. Determine t(-1).
47
Let t(h) = -22*h**3 + h**2 + 3*h + 3. Give t(-1).
23
Let z(u) = u**3 + 9*u**2 + 3*u - 43. Determine z(-8).
-3
Let u(z) = z**3 - 11*z**2 - z + 12. Give u(11).
1
Let o(k) = -2*k**2 - 24*k + 23. Determine o(-13).
-3
Let j(z) = 6*z - 3. Give j(8).
45
Let t(l) = -l**3 + 6*l**2 + 2*l - 8. Calculate t(6).
4
Let p(z) = -4*z**2 - 4*z - 4. What is p(-2)?
-12
Let h(a) = -19*a + 213. Give h(11).
4
Let k(u) = 6*u**2 + 40*u + 20. What is k(-6)?
-4
Let z(d) = 4*d + 11. What is z(-6)?
-13
Let o(b) = b**2 - 4*b - 5. Calculate o(7).
16
Let y(k) = -k**3 - 11*k**2 - 6*k - 20. Calculate y(-6).
-164
Let v(g) = g**3 - 6*g**2 + g - 3. What is v(5)?
-23
Let j(n) = -n**3 - 13*n**2 - 6*n + 28. Give j(-12).
-44
Let b(o) = 8*o + 17. Calculate b(-5).
-23
Let a(o) = o**3 - 11*o**2 + 9*o + 27. Determine a(10).
17
Let p(k) = -3*k**3 + 6*k**2 + 2*k - 6. Determine p(2).
-2
Let y(j) = 3*j + 15. What is y(-6)?
-3
Let a(c) = -8*c**3 + c**2 - 2. What is a(-1)?
7
Let i(k) = k**3 - 9*k**2 - 70*k + 4. What is i(-5)?
4
Let d(j) = -5*j**2 - j + 4. Calculate d(-3).
-38
Let w(v) = 3*v + 16. Calculate w(-11).
-17
Let d(x) = 14*x**2 + 2*x + 2. Calculate d(2).
62
Let m(p) = 20*p - 81. Calculate m(4).
-1
Let n(s) = 6*s**2 - 62*s + 15. Give n(10).
-5
Let p(v) = 2*v**2 + 5*v + 27. Give p(0).
27
Let i(n) = 5*n - 4. Give i(8).
36
Let c(s) = -2*s**2 + 3*s + 10. What is c(-4)?
-34
Let l(f) = f**3 - 10*f**2 - 8*f + 15. Give l(10).
-65
Let l(c) = -43*c + 2. Determine l(-2).
88
Let q(j) = -11*j - 65. What is q(-5)?
-10
Let o(s) = s**2 - 13*s + 23. Give o(11).
1
Let w(z) = z**3 + 6*z**2 + 4*z - 9. Determine w(-3).
6
Let u(a) = a**2 + 2*a + 21. Determine u(0).
21
Let a(j) = -2*j + 5. Give a(2).
1
Let b(h) = h**3 + 12*h**2 - 2*h - 18. Determine b(-12).
6
Let x(a) = a + 9. Determine x(-7).
2
Let g(k) = 4*k**2 + 54*k + 119. What is g(-3)?
-7
Let q(f) = f + 11. Give q(-10).
1
Let a(s) = -2*s**2 - 10*s + 1. Give a(-8).
-47
Let s(t) = -t**2 + 13*t + 191. Calculate s(-9).
-7
Let r(f) = 3*f + 51. Calculate r(-23).
-18
Let o(f) = -2*f**3 - 15*f**2 + 17*f - 4. What is o(-8)?
-76
Let a(i) = -i**3 - 24*i**2 - 20*i + 55. Give a(-23).
-14
Let o(z) = -2*z**2 + 4*z - 7. What is o(0)?
-7
Let l(r) = -25*r + 8. Calculate l(-3).
83
Let p(v) = v**3 - 16*v**2 - 20*v - 18. Give p(17).
-69
Let a(k) = 17*k + 21. What is a(-2)?
-13
Let f(s) = -s**2 + 42*s + 240. Calculate f(47).
5
Let l(w) = -10*w. Give l(0).
0
Let t(r) = 20*r**2 - 9*r + 1. What is t(1)?
12
Let z(u) = u**3 + 13*u**2 + 37*u + 15. Give z(-9).
6
Let m(f) = -7*f - 43. Calculate m(-6).
-1
Let w(f) = -f**3 - 16*f**2 - 3*f - 3. Determine w(-16).
45
Let a(k) = k**3 - k**2 - k + 8. Determine a(0).
8
Let n(u) = 8*u + 3. Determine n(-6).
-45
Let m(s) = 9*s + 8. Calculate m(4).
44
Let z(f) = 28*f**3 +